?
27
Let j = -370 + 550. What is the greatest common divisor of 20 and j?
20
Let p be (12/27*3)/(12/18). Suppose -p*u - 3*w = -8*w - 67, -5*u - 4*w + 118 = 0. Calculate the greatest common factor of 130 and u.
26
Let x = -11 + 18. Suppose p + 0*r = -r + x, -p + 5*r = 5. Suppose g - 5 = -4. What is the greatest common factor of g and p?
1
Let k be 0 - (-36)/(-8)*-8. Let a = -267 - -271. Calculate the greatest common factor of k and a.
4
Let n be (((-18)/4)/3)/(46/(-1288)). Calculate the greatest common divisor of 10 and n.
2
Suppose -43*a + 50486 = 11356. What is the greatest common factor of a and 210?
70
Let y = 1461 + -1452. Calculate the greatest common factor of 1566 and y.
9
Let j(x) = 2*x**3 - 78*x**2 - 46*x + 160. Let l be j(40). What is the greatest common divisor of l and 285?
95
Let o(r) = -r**2 - 21*r + 44. Let b be o(-21). Calculate the highest common divisor of 242 and b.
22
Suppose -5*s + 39 = -4*t, 6*s + 2*t + 9 = 7*s. What is the greatest common divisor of s and 371?
7
Let j be (-4 - (1 + -2))*(7 + 132/(-18)). Suppose -5*q + 4*f - 3 + 5 = 0, -5*q - 4*f = 22. Let m = 3 - q. Calculate the greatest common divisor of m and j.
1
Let h(i) = 4*i**2 + 2*i + 2. Let a be h(-3). Let j = 257 - 113. Suppose 4*l - 316 = -u, 2*u - j = -2*l - 2*u. Calculate the greatest common divisor of a and l.
16
Suppose -t = 4*a - 32, -5*t - 20 = -3*a + 27. Suppose 2*z = -2*n + 240, -z + a = -3*n + 349. What is the highest common factor of n and 23?
23
Suppose u + h = 23, 2*h = 4*u - 40 - 58. Calculate the greatest common divisor of 156 and u.
12
Let l be (-4 - (-3 - 5)) + 1 + 16. Let a = -15 + 11. Let c be -2*(2 + a) - 1. Calculate the greatest common factor of c and l.
3
Suppose 4*j + 3*a = 154, 21*j + 109 = 24*j - a. What is the greatest common divisor of 925 and j?
37
Suppose h - 7 = 2. Suppose h*i - 5*i = 8. Let r be ((-2)/2)/(i/(-10)). Calculate the highest common divisor of 25 and r.
5
Let c be 1/5 - 3384/(-30). Let u = c - 103. What is the greatest common divisor of 250 and u?
10
Let z(h) = h**2 - 2*h - 4. Let n be z(4). Let q be -5 - (-3 - (4 + -4)) - -6. Calculate the highest common divisor of q and n.
4
Let l = -11 + 32. Let c = 24 - l. Suppose 4*p + 36 = 2*w - 0*w, -c*w = -p - 79. What is the greatest common divisor of 42 and w?
14
Suppose 4*t + 62 = -98. Let c = t + 43. What is the highest common factor of c and 6?
3
Suppose -10*g = -2*b - 5*g - 8, 5*g - 15 = -5*b. Let z = b - -9. Let u be (1 + 4)/(-9 + 76/8). What is the greatest common factor of u and z?
10
Let c = 47 - 91. Let z = c + 51. Calculate the greatest common divisor of 70 and z.
7
Let p be (-13)/(-5) + (-9)/15. Suppose -k = -p*k + 45. Let m = 15 - 6. What is the highest common factor of k and m?
9
Suppose -579 = -5*x - 0*v + 2*v, 3*x - 3*v - 351 = 0. Calculate the greatest common factor of x and 10.
5
Let v be (-152)/(-57)*(-2 - (-69)/12). Let r be (-56 - -2 - 1)*-2. Calculate the greatest common factor of r and v.
10
Let l(c) = 4*c**2 - 168*c - 122. Let s be l(43). Calculate the greatest common factor of 80 and s.
10
Suppose -3*y + 14 = -212*g + 213*g, -3*y - 5*g = -22. Suppose -2*v = 2*v + 3*j - 57, -v = -4*j. Calculate the greatest common divisor of y and v.
4
Suppose -488*q - 3872 = -499*q. Calculate the highest common factor of q and 44.
44
Let g be (-2 - -1 - -4)*(-812)/(-84). Calculate the highest common divisor of 87 and g.
29
Let r(j) = -j**2 + 42*j - 314. Let s be r(12). What is the highest common divisor of 8 and s?
2
Let d(j) = j - 10. Let g be d(-10). Let x be g/6*(-18)/5. Let a be ((-64)/(-3))/((-16)/(-72)). What is the highest common factor of x and a?
12
Let n be (-6)/20 + (-25779)/(-130). Let a(j) = j**2 + 2*j - 6. Let i be a(4). What is the highest common factor of n and i?
18
Let q = 3 + -1. Suppose 0 = 8*d - 7*d - q. Let b = 9 - d. Calculate the greatest common divisor of 49 and b.
7
Suppose -5*b + 0*k - 3*k = -72, 5*b = k + 76. Calculate the highest common divisor of b and 27.
3
Let b = 363 - 348. Suppose -3*o + 32 = -4. Suppose 0 = -4*y - 0*y + o. Calculate the highest common divisor of b and y.
3
Suppose 120 = -53*l + 68*l. What is the highest common divisor of l and 32?
8
Let w be 6/(-14) - 85/(-35). Let t(l) = -8*l + 0*l + 2*l**2 + 0*l - w*l. Let p be t(-11). What is the greatest common divisor of p and 32?
32
Suppose v - 219 = -3*m, -4*m - 125 = 2*v - 417. Calculate the greatest common factor of m and 657.
73
Let v = 23 - -131. Calculate the highest common divisor of 42 and v.
14
Let u = 110 - 90. Calculate the greatest common divisor of 16 and u.
4
Let p(q) = -2*q**3 - 5*q**2 + 4*q + 7. Let m be p(-5). Suppose 7*j + m = 11*j. Calculate the highest common divisor of 56 and j.
28
Suppose 5*o + 14 = 12*o. Suppose o*q = 42 + 30. Calculate the greatest common divisor of 48 and q.
12
Let u(j) be the third derivative of j**6/120 - 7*j**5/60 + 5*j**4/8 - 5*j**3/2 + 15*j**2. Let o be u(6). Calculate the greatest common factor of o and 65.
13
Suppose -4*m + 62 = 14. Calculate the highest common divisor of m and 12.
12
Let l(u) = -u**2 + u + 34. Let p be l(0). Suppose 3*q = 2*q + 25. Suppose 3*k = 128 + q. Calculate the highest common divisor of p and k.
17
Let v(k) = 2*k**2 + 32*k - 21. Let t = 45 - 63. Let j be v(t). Suppose 0*a = 4*a - 68. What is the greatest common factor of a and j?
17
Let f(a) = -a**2 - 31*a - 147. Let s be f(-6). Calculate the highest common divisor of 21 and s.
3
Let b(l) = -l**2 - 7*l + 7. Let s be b(-9). Let f = s + 12. Let j(m) = 14*m**2 - m. Let p be j(f). Calculate the greatest common factor of p and 39.
13
Let s(g) = -26*g - 248. Let o be s(-10). Let x = 313 + -181. What is the greatest common divisor of o and x?
12
Suppose 55*s - 51*s = 28. Let m(f) = 6*f + 1. Let b be m(1). What is the highest common factor of s and b?
7
Let k(f) = 2*f**2 - 16*f - 18. Suppose 10*h + 44 = 14*h. Let n be k(h). Calculate the highest common divisor of 32 and n.
16
Let t be 0 + ((-3231)/(-21) - 7/(-49)). Calculate the greatest common divisor of t and 11.
11
Let f be (-8)/2 + (-416)/(-13). Calculate the highest common divisor of 238 and f.
14
Suppose -42 - 26 = -4*g. Suppose z + 4*c - 61 = -35, -108 = -3*z + 3*c. Calculate the highest common factor of z and g.
17
Let g(l) = l + 23. Let a be g(-5). Calculate the greatest common factor of a and 738.
18
Let z be (-3)/(-15) + 98/10. Let r be 4/z*(6 - -4). Let q(i) = i**3 + 4*i - 3. Let d be q(3). What is the greatest common factor of r and d?
4
Suppose 15 = -5*l, -2*l - 11 - 45 = 5*p. Suppose 2*c - 14 = -4*v, 15 + 1 = c - v. Let h = p + c. Calculate the highest common factor of h and 15.
3
Let v = -20 + 5. Let i = v + 19. What is the greatest common divisor of 24 and i?
4
Suppose y + 12 = 7*y. Suppose -3*c - 6 + 38 = 4*m, 3*c = -y*m + 22. Suppose -35 = -m*l - a, 2*l + 0*a - 14 = a. Calculate the highest common factor of 28 and l.
7
Suppose -4*x + 5*s = -x - 186, 4*x - s = 248. Calculate the greatest common factor of x and 434.
62
Let r be (-9)/(-6) - (-2)/(-4). Let t be 36/2*r/3. Suppose -x = -2*x + 6. What is the highest common factor of t and x?
6
Suppose -34*o + 24*o = -2450. What is the highest common factor of 5 and o?
5
Let z be (-64)/(-3) - 7/(-63)*-12. Let w be 2*(-2 - 31/(-2)). Let q = 67 - w. Calculate the highest common divisor of z and q.
20
Let m(i) = -10*i - 5. Let z(l) = -2*l**2 - 11*l - 13. Let h be z(-4). Let x be m(h). Calculate the greatest common factor of 1 and x.
1
Let s be (0/(-9) - 3)*(-17)/3. Let h be (-2146)/(-18) + ((-60)/27 - -2). Calculate the greatest common divisor of h and s.
17
Suppose 0 = 3*d - 4*g + 5*g - 75, 0 = -3*g. Let f = -4 + 9. What is the greatest common divisor of f and d?
5
Let j(x) = 24*x - 282. Let r be j(17). Calculate the highest common divisor of r and 42.
42
Suppose 2*c = -2*c + 20. Suppose 15 = 2*g - 3*p, 18 = c*p + 3. Let f(k) = 2*k**2 - 21*k + 13. Let t be f(11). Calculate the highest common factor of t and g.
12
Suppose 0 = -3*r - 4*l + 57 - 1, 0 = 3*r + 3*l - 57. What is the greatest common factor of 170 and r?
10
Let q be 2*((-4 - 0) + 8). Suppose -4*f - 84 = -q*f. What is the greatest common factor of f and 14?
7
Let x(d) = -d**3 - 5*d**2 - 2*d - 5. Let n be x(-5). Suppose 0 = n*l - 205 - 470. Suppose 5*k = l + 5. Calculate the greatest common fa